 f be 2 + -1 + (d - (4 + -16)). Let t(s) = s**2 + 6*s + 4. What is t(f)?
-4
Let k(m) = 2*m - 5. Let l(u) = u**2 - 21*u + 76. Let g be l(21). Let h be 4/(-1) + (-19)/(g/(-36)). Calculate k(h).
5
Let h(f) = f + 14. Let u(c) = -4*c + 192. Let q be u(-24). Suppose 12*p - q = -360. Determine h(p).
8
Let m = -67 + 78. Let z(i) = -15*i**3 - 4*i**2 + 16*i**3 - 2*i**2 - 3*i**2 - m*i + 6. What is z(10)?
-4
Suppose -4*n + 75 = -0*n - 3*v, -50 = -2*n + 4*v. Suppose n*m = -27 - 18. Let u be (-5 + -1)/(m/(-4)). Let c(d) = d**3 + 7*d**2 - 8*d - 1. Give c(u).
-1
Let y(j) = -5*j**3 + 2*j**2 + j - 1. Let v(i) = 19*i**3 - 25*i**2 + 34*i + 2. Let p(l) = -v(l) - 4*y(l). What is p(-19)?
2
Let h(y) = 3*y**2 - 41*y - 152. Let n(x) = 2*x**2 - 27*x - 107. Let s(g) = -5*h(g) + 7*n(g). Determine s(10).
71
Let a(y) = -y**3 + y**2 + 2*y + 11. Let t(o) = 61*o**3 - 4*o**2 - 3*o - 22. Let l(g) = 2*a(g) + t(g). Calculate l(-1).
-62
Let z(l) be the third derivative of -l**4/24 + l**3/6 - 5394*l**2. Determine z(-8).
9
Let m(o) = -o**3 - 27*o**2 + 19*o + 12. Let p(k) = 7*k**2 - k + 1. Let f(v) = -m(v) - 3*p(v). Calculate f(-8).
-15
Let p(k) be the second derivative of -2*k**3 + k**2 + k. Let s be (-1)/(-31 + (-1953)/(-62)). Determine p(s).
26
Suppose l - 14 = -4*f, 2*f + 0*l - 2*l = 2. Let v(c) = -6*c + 1. Let g(j) = -6*j - 32 + 15 + 18. Let a(o) = -6*g(o) + 7*v(o). Give a(f).
-17
Let z(t) = -2*t + 8. Let i = 20 - 23. Let q(d) = -3*d**2 - 12*d - 2. Let p be q(i). Calculate z(p).
-6
Suppose -15*y - 1199 = 706. Let i = -127 - y. Let q(m) = -m - 13. Give q(i).
-13
Let k(z) be the second derivative of z**3/6 - 6*z**2 - 7*z. Let n(h) = 2*h - 15*h + 2 + 0*h**2 + 3*h**2 + 5*h. Let j be n(3). Give k(j).
-7
Let l(j) = j - 2*j - 4 + 2 + 3. Let p(q) = -8*q + 1. Let v(t) = l(t) - p(t). Let s = 4 + -6. What is v(s)?
-14
Let s(g) = 2*g**3 + 2*g**2 + 4*g + 2. Let a(h) = 4*h**2 + 39*h - 11. Let m be (30/(-30))/(1/10). Let q be a(m). Calculate s(q).
-2
Let f(t) = t**3 + 4*t**2 - 97*t - 386. Let r be f(-4). Let d(c) = -c**3 + 3*c**2 - 4*c + 8. What is d(r)?
4
Let r(h) be the first derivative of -h**4/4 + 3*h**3 - 3*h**2 - 11*h + 2177. Let d(k) = 11*k - 47. Let a be d(5). Determine r(a).
5
Let a be 3/(-4) - (2971/(-4) - -3). Let p = a + -725. Let h(q) = -q + 20. Give h(p).
6
Let o(w) = 34207 + 15*w - 34218 + 13*w - 2*w**2 - 4*w**2 - w**3. Calculate o(-9).
-20
Let l(y) = 5*y - 3. Suppose 2*a + 278 = 3*z, 6 = a - z + 145. Let t = a + 140. Determine l(t).
2
Let r(q) = q**3 - 8*q**2 - 3 + q**2 + 3*q + 0*q**2. Let p be 2374/102082 + 600/86. Determine r(p).
18
Let t(g) be the first derivative of 11*g**3/3 + 12*g**2 - 21*g - 114. Let c(k) = -31*k**2 - 71*k + 62. Let i(d) = -6*c(d) - 17*t(d). Determine i(16).
17
Let s(c) be the first derivative of -2*c**2 + 49*c + 1774. Determine s(10).
9
Suppose -2 = -t - 2*g, 2*t + g = 6*g + 13. Suppose -v = -2*f + t, 4*f + 4*v = -f + 10. Let q(o) = -2*o - f + o**2 + o - 4*o. What is q(4)?
-6
Let v(n) = -n**2 - 7*n + 3. Let z be (-5 - 36/6)/1. Let b(r) = -2*r**2 - 13*r + 5. Let k(m) = z*v(m) + 6*b(m). What is k(3)?
-15
Let n(i) be the first derivative of -i**3/3 + 17*i**2/2 + 31*i + 2148. Calculate n(19).
-7
Suppose 0 = 5*i + 116*d - 120*d + 37, 4*i - 6*d + 52 = 0. Let r(a) = 8*a - 15*a + 29*a + 19*a - 1. Determine r(i).
-42
Let c(n) = n**3 + n**2 - 3*n - 5. Let b = 876 - 873. Give c(b).
22
Let d(a) be the second derivative of -7*a**3/6 - 29*a**2/2 + 2*a - 1200. Calculate d(-5).
6
Suppose -2*q = -5*h - 23, q + 25 = -4*q - 4*h. Let n(f) = 6*f**2 - f + 2. Let m be n(4). Let k(t) = t**2 - t - 45*t**3 - 46*t**3 + m*t**3 - 1. What is k(q)?
-2
Let k(i) be the first derivative of i**3/3 + 11*i**2 + 9*i - 2657. What is k(-23)?
32
Let u(n) = -n**3 - n**2 + 2*n - 3. Let j be 4/1 + 0 - (-308)/(-77). Let h be u(j). Let a(r) = -2*r + 3. Calculate a(h).
9
Let t(o) = -3*o - 1. Let y be t(-1). Let l(a) = 5 + 3 - 2*a - 1 + y. Suppose -33 + 13 = -3*i - 2*m, -3*m = -5*i + 27. Calculate l(i).
-3
Suppose -6*s + 2*s + 64 = 0. Let n(a) = a + 9 + a**2 + 5*a + 13 - s. Determine n(-5).
1
Let z(q) be the first derivative of -1/4*q**4 - 2*q**2 - 12 + 4*q + 5/3*q**3. Determine z(3).
10
Let p(l) = -l**3 - 7*l**2 + 3*l + 10. Suppose 0 = -0*h - 12*h + 96. Suppose -133 = h*o + 11*o. Calculate p(o).
-11
Let x(f) = -f. Let y(o) be the third derivative of -7*o**4/24 + 5*o**3/6 - 95*o**2. Let r = 2 + -3. Let s(a) = r*y(a) + 6*x(a). Give s(4).
-1
Let s = -76 + 78. Let g(z) be the third derivative of z**7/1008 + z**5/20 - 7*z**2. Let q(j) be the third derivative of g(j). What is q(s)?
10
Let i(g) be the first derivative of -5*g**2/2 + 210*g - 5644. Calculate i(42).
0
Suppose -2*d - 85 = -3*w, 4*w - 28 = -d + 89. Suppose 2*k - 21 = -3*m, 4*m + 8*k = 5*k + w. Let a(r) = -r + 5. Determine a(m).
0
Let g(i) = -97*i**3 - 9*i**2 + 7*i + 5. Let r(h) = 679*h**3 + 66*h**2 - 52*h - 36. Let y(d) = -22*g(d) - 3*r(d). Give y(1).
97
Let b be 3 - 7 - 24/(-4). Suppose b*f + 7 = -3*m + 4*m, -2*m = 5*f + 22. Let t(c) = c**2 + 2*c - 2. Determine t(f).
6
Let u(w) = 11*w**2 - w + 32. Let l(v) = -5*v**2 + v - 14. Let i(r) = -7*l(r) - 3*u(r). Give i(0).
2
Suppose -3*k - t = -18, 4*k + 4*t + 0*t - 24 = 0. Suppose 8 + 2 = 2*u. Suppose 1 = -u*z + k*z. Let j(y) = 3*y - 1. Calculate j(z).
2
Suppose 23*w - 181 = 72. Let o(u) = -u**3 + 10*u**2 + 11*u - 4. Calculate o(w).
-4
Let m = 2133 + -2133. Let s(x) = -x**3 - x**2 + 21. Determine s(m).
21
Let r(o) = -71*o**3 + 3*o**2 + o - 1. Suppose -541 = -33*a - 48*a - 622. Calculate r(a).
72
Let y(i) = -i - 1. Let b be ((-61)/(-5) + (-16)/(-20))/(-1). Let a = b + 17. Determine y(a).
-5
Let n(b) = 8*b**2 - b - 2. Suppose 0 = -26*d + 4 - 65 + 9. What is n(d)?
32
Let d(o) = -17 + 4*o + 17. Let g(k) = 14*k**2 + 8*k - 76. Let n be g(5). Suppose -n = -5*c - 319. What is d(c)?
-4
Let k(h) = -h**2 + 3*h + 33. Let x = -1797 - -1797. Determine k(x).
33
Let o(x) = 10*x. Suppose 0 = -2*s + 3*a - 356, 4*a - 3*a - 364 = 2*s. Let b = s + 185. Give o(b).
10
Suppose 32 = -4*j - 5*f, 3*j - 2*f = -1050 + 1049. Let l(b) = 37*b + 10. Calculate l(j).
-101
Let t(n) = 7*n + 96. Let s be (35/7)/((-4)/16*2) + -5. Determine t(s).
-9
Suppose 2*h + 3*h + 10 = 0. Let w(t) = 147884*t. Let b(v) = 2881*v. Let n(g) = -154*b(g) + 3*w(g). Determine n(h).
44
Let h(y) be the third derivative of -y**6/120 + y**5/10 + 11*y**4/12 - 10*y**3/3 - 6224*y**2. Determine h(9).
-65
Let f(s) = s**2 + 3*s - 23. Suppose 199 = 24*n + 367. Give f(n).
5
Let a(p) = 5*p - 108. Let l = -1564 + 1587. Determine a(l).
7
Let c(f) = f - 7. Let l be (-2 - 14/(-10))/(4/(-1500)). Let u = 231 - l. Calculate c(u).
-1
Suppose 4*t + 28 = 36. Let m(u) = -8*u**t + 2*u + 9*u**2 + 4 + 9*u. What is m(-8)?
-20
Let f = 2/4569 + 1012/7615. Let l(y) be the third derivative of -1/3*y**3 - 1/3*y**4 + f*y**5 + 0 + 0*y - 1/120*y**6 + 14*y**2. Determine l(7).
-9
Let i be (-6 + 9)*64/24. Let t(k) = 25*k + 8*k - i*k + 2*k - 6 + 7. Give t(1).
28
Let v(g) = 2*g - 7. Let n = 84 - 0. Let j be (-1 + (-2)/(-6))/((-8)/n). Give v(j).
7
Let j(f) = f**3 + 16*f**2 + 55*f + 217. Let u be j(-13). Let l(y) = -3*y**2 + 18*y - 4. Calculate l(u).
-85
Let b(w) = -w**3 - 3*w**2 + w + 2. Let m be 152/5 - (-80)/(-200). Suppose m = 22*j - 32*j. What is b(j)?
-1
Let p(l) = -3*l**3 - 2*l**2 + 7*l + 3. Let k(u) = u**3 + 3*u**2 + 114*u + 221. Let o be k(-2). Calculate p(o).
45
Let x(d) = d**2 - 13*d + 42. Let n be x(11). Suppose 4*m + u = n, m - 2*u - 18 = -22. Let v(y) = 0*y**2 + y + y**3 - 4*y + 1 - 3*y**2. Calculate v(m).
5
Let w(g) = -6*g + 272. Let m be 130/1235 + (-2673)/(-57). Calculate w(m).
-10
Let f(p) = 13*p + 5. Let u(c) = 17*c + 8. Let n(y) = 4*f(y) - 3*u(y). Let l(r) = r**3 + 7*r**2 - r + 3. Let o be l(-7). Suppose -10 = -5*t + o. Calculate n(t).
0
Let g(a) = -25*a**2 - 15*a + 53. Let i(p) = 6*p**2 - p - 1. Let x(t) = -g(t) - 4*i(t). Calculate x(-21).
-7
Let o be (-217)/(-93)*(-7 + -2) + 6. Let u(g) = g**3 + 14*g**2 - 17*g + 10. Give u(o).
40
Let r(y) be the first derivative of 21*y**4/4 - y**3/3 - y**2 - y - 60. Let g = 12 + 5. Suppose g*n + 2 = 15*n. Determine r(n).
-21
Let t(z) be the first derivative of -1/2*z**2 + 11*z - 147. Calculate t(0).
11
Let y(w) = -25*w + w**2 - w**2 - 2*w**2 - 195 + 13*w + 271. Calculate y(-10).
-4
Let k be 9 - (-5 - (-2 + -9)). Suppose 0*c = -4*c + 4*x - 12